NOAA-Style Climate Reports

Select a Year or Month report
2017: Jan Feb Mar Apr May Jun Jul Aug Sep Oct Nov Dec
2016: Jan Feb Mar Apr May Jun Jul Aug Sep Oct Nov Dec
2015: Jan Feb Mar Apr May Jun Jul Aug Sep Oct Nov Dec
2014: Jan Feb Mar Apr May Jun Jul Aug Sep Oct Nov Dec
2013: Jan Feb Mar Apr May Jun Jul Aug Sep Oct Nov Dec
2012: Jan Feb Mar Apr May Jun Jul Aug Sep Oct Nov Dec
2011: Jan Feb Mar Apr May Jun Jul Aug Sep Oct Nov Dec

Report for 2017 October
                   Monthly Climatological Summary for Oct 2017

Name: DX-Farm   City: Meadville   State: MS
Elevation: 312 ft  Lat: N 31° 35' 13"   Lon: W 090° 53' 54"

                  Temperature (°F), Rain (in), Wind Speed (mph)

                                      Heat  Cool        Avg
    Mean                              Deg   Deg         Wind                 Dom
Day Temp  High   Time   Low    Time   Days  Days  Rain  Speed High   Time    Dir
----------------------------------------------------------------------------------
 1  72.0  80.5   13:17  64.2   06:10   0.1   6.9  0.00   0.1   9.0   09:57     W
 2  70.5  74.1   17:54  64.8   07:43   0.0   5.5  0.01   0.2   9.0   04:54   WNW
 3  74.8  86.0   15:38  67.7   23:55   0.0   9.8  0.00   0.3  11.0   11:25   WNW
 4  70.8  84.1   15:39  62.6   07:17   0.4   6.2  0.00   0.1   8.0   11:09   WNW
 5  69.4  85.9   14:00  57.8   07:00   2.0   6.4  0.00   0.0   7.0   09:32   WNW
 6  71.8  88.2   15:18  56.9   07:15   2.2   8.9  0.00   0.2   8.0   13:54     W
 7  75.0  84.2   14:56  68.3   05:46   0.0  10.0  0.76   0.1   8.0   18:01     W
 8  76.7  90.0   15:50  70.3   00:45   0.0  11.7  0.00  ----   8.0   13:50     S
 9  77.4  89.6   14:55  70.0   07:20   0.0  12.4  0.00  ----   8.0   14:40     W
10  78.2  87.4   15:15  73.7   23:11   0.0  12.9  0.02  ----   6.0   16:15   WSW
11  72.2  84.0   14:21  64.1   08:07   0.0   7.2  0.00  ----   3.0   10:39   NNE
12  69.2  85.5   14:55  59.2   07:11   1.6   5.8  0.00  ----   5.0   16:05   NNE
13  70.0  88.6   14:09  56.4   07:22   2.6   7.7  0.00  ----   5.0   15:16    NW
14  73.9  90.0   14:28  63.3   07:21   0.2   9.1  0.00  ----   9.0   11:30     W
15  74.5  90.5   14:51  64.8   06:11   0.0   9.5  0.00  ----   7.0   22:07     E
16  61.8  73.3   14:31  51.8   23:59   4.7   1.5  0.01  ----   9.0   12:46     N
17  57.8  77.6   15:12  42.5   07:17   9.6   2.4  0.00  ----   6.0   10:44   WNW
18  60.1  81.0   15:35  44.0   07:23   8.3   3.4  0.00  ----   6.0   12:31    SW
19  61.3  79.7   15:00  44.4   07:40   7.4   3.7  0.00  ----   9.0   16:27   WSW
20  66.1  80.5   12:40  53.0   06:18   3.8   4.9  0.00  ----   7.0   12:01     W
----------------------------------------------------------------------------------
    70.2  90.5    15    42.5    17    42.9 145.9  0.80   0.2  11.0     3       W

Max >=  80.0: 16
Max <=  32.0:  0
Min <=  32.0:  0
Min <=   0.0:  0
Max Rain: 0.76 on day 7
Days of Rain: 4 (>= 0.01 in)  1 (>= 0.10 in)  0 (>= 1.00 in)
Heat Base: 65.0  Cool Base: 65.0  Method: Integration