NOAA-Style Climate Reports

Select a Year or Month report
2018: Jan Feb Mar Apr May Jun Jul Aug Sep Oct Nov Dec
2017: Jan Feb Mar Apr May Jun Jul Aug Sep Oct Nov Dec
2016: Jan Feb Mar Apr May Jun Jul Aug Sep Oct Nov Dec
2015: Jan Feb Mar Apr May Jun Jul Aug Sep Oct Nov Dec
2014: Jan Feb Mar Apr May Jun Jul Aug Sep Oct Nov Dec
2013: Jan Feb Mar Apr May Jun Jul Aug Sep Oct Nov Dec
2012: Jan Feb Mar Apr May Jun Jul Aug Sep Oct Nov Dec
2011: Jan Feb Mar Apr May Jun Jul Aug Sep Oct Nov Dec

Report for 2018 February
                   Monthly Climatological Summary for Feb 2018

Name: DX-Farm   City: Meadville   State: MS
Elevation: 312 ft  Lat: N 31° 35' 13"   Lon: W 090° 53' 54"

                  Temperature (°F), Rain (in), Wind Speed (mph)

                                      Heat  Cool        Avg
    Mean                              Deg   Deg         Wind                 Dom
Day Temp  High   Time   Low    Time   Days  Days  Rain  Speed High   Time    Dir
----------------------------------------------------------------------------------
 1  57.0  72.2   14:18  44.7   00:01   9.0   1.0  0.03   1.0  13.0   15:00    SW
 2  42.8  53.5   15:21  30.5   23:57  22.2   0.0  0.00   0.7   9.0   13:43   NNE
 3  42.4  54.2   23:58  28.4   03:56  22.6   0.0  0.54   0.6  11.0   13:14     W
 4  51.8  59.1   02:09  41.9   22:31  13.2   0.0  0.62   0.3  16.0   00:44   WSW
 5  46.1  58.4   16:16  34.8   07:17  18.9   0.0  0.00   0.1   8.0   12:53    NW
 6  61.1  68.9   12:13  51.4   00:00   4.4   0.6  0.36   0.6  11.0   23:30     W
 7  48.3  67.7   04:57  36.5   23:43  17.1   0.5  0.82   1.1  13.0   00:46   WSW
 8  43.9  64.3   15:36  31.6   07:24  21.0   0.0  0.00   0.2   8.0   11:19    NW
 9  51.9  67.5   16:09  36.0   03:44  13.2   0.2  0.00   0.1  10.0   12:50   WSW
10  64.5  68.1   13:14  61.4   00:04   1.0   0.5  0.86   1.1  13.0   20:02    SW
11  55.5  66.9   09:53  41.6   23:57   9.5   0.1  0.03   0.2   8.0   03:15   NNE
12  39.6  41.9   23:54  37.2   07:29  25.4   0.0  0.00   0.2   6.0   00:40   NNE
13  57.2  76.1   14:29  41.9   00:00   9.5   1.8  0.01   0.1   8.0   12:14     W
14  66.0  75.0   15:09  59.4   04:35   1.8   2.8  0.00   0.6  13.0   12:03   WSW
15  71.3  82.4   14:21  63.9   23:59   0.0   6.3  0.00   2.3  22.0   12:37    SW
16  65.9  75.6   11:11  56.3   22:05   1.9   2.8  0.00   0.6  11.0   09:07    SW
17  63.6  76.9   14:58  54.4   23:56   4.7   3.3  0.23   0.8  16.0   10:38    SW
----------------------------------------------------------------------------------
    54.6  82.4    15    28.4     3   195.4  19.9  3.50   0.6  22.0    15     WSW

Max >=  80.0:  1
Max <=  32.0:  0
Min <=  32.0:  3
Min <=   0.0:  0
Max Rain: 0.86 on day 10
Days of Rain: 9 (>= 0.01 in)  6 (>= 0.10 in)  0 (>= 1.00 in)
Heat Base: 65.0  Cool Base: 65.0  Method: Integration