NOAA-Style Climate Reports


Report for 2017 December
                   Monthly Climatological Summary for Dec 2017

Name: N5PA   City: Ellisville   State: MS
Elevation: 289 ft  Lat: N 31° 37' 22"   Lon: W 089° 14' 02"

                  Temperature (°F), Rain (in), Wind Speed (mph)

                                      Heat  Cool        Avg
    Mean                              Deg   Deg         Wind                 Dom
Day Temp  High   Time   Low    Time   Days  Days  Rain  Speed High   Time    Dir
----------------------------------------------------------------------------------
 1  54.1  57.7   14:51  46.7   06:19  10.9   0.0  0.00   0.2   6.0   12:04   NNW
 2  57.0  69.4   14:53  48.0   23:58   8.4   0.4  0.00   0.4   9.0   13:34   WNW
 3  55.4  68.9   13:27  45.2   06:21  10.0   0.4  0.00   0.4   7.0   09:54     E
 4  60.0  70.9   13:44  49.5   01:29   5.7   0.8  0.00   1.0  11.0   11:56   ESE
 5  64.0  80.9   13:39  45.9   23:56   4.2   3.2  0.25   2.2  21.0   14:06     W
 6  41.3  45.9   00:00  38.1   11:02  23.7   0.0  0.13   1.4  11.0   03:00     N
 7  41.3  45.4   10:38  34.1   23:59  23.7   0.0  0.27   0.4   9.0   20:56   NNW
 8  32.9  34.2   00:00  32.0   20:57  32.1   0.0  0.09   0.7   7.0   13:02    NW
 9  34.1  45.2   15:45  24.9   07:12  30.9   0.0  0.27   1.3  13.0   13:31     W
10  38.7  56.9   15:26  26.3   06:29  26.3   0.0  0.00   0.3   9.0   13:07     W
11  47.2  68.2   14:59  30.6   03:12  18.0   0.3  0.00   0.6  10.0   13:39   WSW
12  47.9  59.6   13:44  32.0   23:59  17.1   0.0  0.00   2.1  18.0   10:18    NW
13  43.0  59.0   13:49  27.5   06:01  22.0   0.0  0.00   0.9  13.0   13:14   SSW
14  45.9  58.4   13:48  35.0   06:43  19.1   0.0  0.00   0.3   7.0   09:57   WNW
15  40.4  44.4   12:42  30.2   23:58  24.6   0.0  0.00   1.0   9.0   11:30   NNW
----------------------------------------------------------------------------------
    46.9  80.9     5    24.9     9   276.7   5.1  1.01   0.9  21.0     5     WNW

Max >=  80.0:  1
Max <=  32.0:  0
Min <=  32.0:  7
Min <=   0.0:  0
Max Rain: 0.27 on day 7
Days of Rain: 5 (>= 0.01 in)  4 (>= 0.10 in)  0 (>= 1.00 in)
Heat Base: 65.0  Cool Base: 65.0  Method: Integration